{"id":66,"date":"2021-09-09T06:13:13","date_gmt":"2021-09-09T06:13:13","guid":{"rendered":"https:\/\/giks.valahia.ro\/?page_id=66"},"modified":"2025-11-22T14:04:08","modified_gmt":"2025-11-22T14:04:08","slug":"committees","status":"publish","type":"page","link":"https:\/\/giks.valahia.ro\/index.php\/committees\/","title":{"rendered":"Committe"},"content":{"rendered":"\n<p class=\"has-vivid-cyan-blue-color has-text-color has-medium-font-size\"><strong>SCIENTIFIC COMMITTE<\/strong><\/p>\n\n\n\n<ul class=\"wp-block-list\">\n<li>Prof. PhD. Firdaus Abdullah, <em>Mara University of Technology<\/em>, Malaysia<\/li>\n\n\n\n<li>Prof. PhD Claude Albagli, <em>Cedimes Institute Paris, France<\/em><\/li>\n\n\n\n<li>Prof. PhD Jean Vasile Andrei, <em>Petroleum-Gas University of Ploiesti, Romania<\/em><\/li>\n\n\n\n<li>PhD Parag Amin, <em>SIES &#8211; College of Management Studies, Navi Mumbai, India<\/em><\/li>\n\n\n\n<li>Prof. PhD Grigore Belostecinic, <em>Academy of Economic Studies of Moldova, Chisinau, Moldova<\/em><\/li>\n\n\n\n<li>Prof. PhD Hafedh Ben Abdennebi, <em>University of Carthage, Tunisia<\/em><\/li>\n\n\n\n<li>Assoc. Prof. PhD Galena Chipriyanova, <em>Tsenov Academy of Economics Svishtov, Bulgaria<\/em><\/li>\n\n\n\n<li>Prof. PhD Iskra Christova-Balkanska, <em>Economic Research Institute, Sofia, Bulgaria<\/em><\/li>\n\n\n\n<li>Prof. PhD Reda Djaouahdou, \u201c<em>Badji Mokhtar\u201d \u2013 Annaba University, Algeria<\/em><\/li>\n\n\n\n<li>Prof. PhD Mahamat Mouta Djirabi, <em>University of Ndjamena, Tchad<\/em><\/li>\n\n\n\n<li>Prof. PhD Cosmin Dobrin, <em>Bucharest University of Economic Studies, Romania<\/em><\/li>\n\n\n\n<li>Assoc. Prof. PhD Mariana Doga-M\u0103rzac, <em>State University of Moldova, Chisinau, Moldova<\/em><\/li>\n\n\n\n<li>Assoc. Prof. Galina Chipriyanova, <em>D. A. Tsenov Academy of Economics \u2013 Svishtov, Bulgaria<\/em><\/li>\n\n\n\n<li>Prof. PhD Mircea Constantin Duic\u0103, <em>\u201cValahia<\/em>\u201d <em>University of Targoviste, Romania<\/em><\/li>\n\n\n\n<li>Prof. PhD Adriana Grigorescu, <em>SNSPA Bucharest, Romania<\/em><\/li>\n\n\n\n<li>Assoc. Prof. PhD Amel Gueraoui, <em>ENSSEA Alger, Algeria<\/em><\/li>\n\n\n\n<li>Prof. PhD Silvia Elena Iacob, <em>Bucharest University of Economic Studies, Romania<\/em><\/li>\n\n\n\n<li>Prof. PhD Bogdan \u0218tefan Ionescu, <em>Bucharest University of Economic Studies, Romania<\/em><\/li>\n\n\n\n<li>Prof. PhD Liliana Ionescu-Feleag\u0103, <em>Bucharest University of Economic Studies, Romania<\/em><\/li>\n\n\n\n<li>Prof. PhD Nicolae Istudor, <em>Bucharest University of Economic Studies, Romania<\/em><\/li>\n\n\n\n<li>Prof. PhD Mohammad Jaradat, <em>\u201cBogdan Vod\u0103<\/em>\u201d <em>University of Cluj, Romania<\/em><\/li>\n\n\n\n<li>Prof. PhD Vinko Kandzija, <em>ECSA, Bosnia and Herzegovina<\/em><\/li>\n\n\n\n<li>Prof. PhD. C\u00e9lio Gon\u00e7alo Marques, <em>Polytechnic Institute of Tomar, Portugal<\/em><\/li>\n\n\n\n<li>Prof. PhD Chen-Min Hsu, <em>CTBC Financial Management College, Tainan, Taiwan<\/em><\/li>\n\n\n\n<li>Prof. PhD Adrian Micu, <em>&#8220;Dunarea de Jos&#8221; University of Galati, Romania<\/em><\/li>\n\n\n\n<li>Assoc. Prof. PhD Sorin N\u0103stasia, <em>Southern Illinois University Edwardsville, USA<\/em><\/li>\n\n\n\n<li>Prof. PhD Maria Negreponti Delivanis, <em>Macedonian University of Thessaloniki, Greece<\/em><\/li>\n\n\n\n<li>Prof. PhD Ovidiu Nicolescu, <em>SAMRO, Romania<\/em><\/li>\n\n\n\n<li>Assoc. Prof. PhD Emil Papazov, <em>University of National and World Economy, Bulgaria<\/em><\/li>\n\n\n\n<li>Prof. PhD Aurelia P\u0103tra\u0219cu, Petroleum-Gas University of Ploiesti,\u00a0Romania<\/li>\n\n\n\n<li>Prof. PhD Zdzislaw Polkowski, <em>\u201cJan Wyzykowski<\/em>\u201d <em>University, Poland<\/em><\/li>\n\n\n\n<li>Prof. PhD Ion Popa, <em>Bucharest University of Economic Studies, Romania<\/em><\/li>\n\n\n\n<li>Prof. PhD Constan\u0163a Popescu, <em>\u201cValahia<\/em>\u201d <em>University of Targoviste, Romania<\/em><\/li>\n\n\n\n<li>Prof. PhD Delia Mioara Popescu, <em>\u201cValahia<\/em>\u201d <em>University of Targoviste, Romania<\/em><\/li>\n\n\n\n<li>Prof. PhD Alain Redslob, <em>Panth\u00e9on Assas University, Paris, France<\/em><\/li>\n\n\n\n<li>Prof. PhD Felizia Arni Rudiawarni, <em>University of Surabaya, Indonesia<\/em><\/li>\n\n\n\n<li>Assoc. Prof. PhD Francesco Scalera<em>, \u201cAldo Moro<\/em>\u201d <em>University of Bari, Italy<\/em><\/li>\n\n\n\n<li>Prof. PhD Marian Ilie Siminic\u0103, <em>University of Craiova, Romania<\/em><\/li>\n\n\n\n<li>Prof. PhD Danijela Sokoli\u0107, <em>University of Rijeka, Croatia<\/em><\/li>\n\n\n\n<li>Prof. PhD Ion Steg\u0103roiu, <em>\u201cValahia<\/em>\u201d <em>University of Targoviste, Romania<\/em><\/li>\n\n\n\n<li>Prof. Alexandru Stratan, <em>Academy of Economic Studies of Moldova, Chisinau, Moldova<\/em><\/li>\n\n\n\n<li>Prof. PhD Zhan Su, <em>Laval University, Quebec, Canada<\/em><\/li>\n\n\n\n<li>Prof. PhD Dedhy Sulistiawan. <em>University of Surabaya, Indonesia<\/em><\/li>\n\n\n\n<li>Assoc. Prof. PhD Maria Cristina \u0218tefan, <em>\u201cValahia<\/em>\u201d <em>University of Targoviste, Romania<\/em><\/li>\n\n\n\n<li>Assoc. Prof. PhD Carolina Tcaci, <em>\u201cAlecu Russo<\/em>\u201d <em>State University, Balti, Moldova<\/em><\/li>\n\n\n\n<li>Prof. PhD Adriana Tiron-Tudor, <em>\u201cBabes Bolyai\u201d University of Cluj Napoca, Romania<\/em><\/li>\n\n\n\n<li>Prof. PhD Dan Ioan Topor, <em>\u201c1 Decembrie 1918\u201d University of Alba Iulia, Romania<\/em><\/li>\n\n\n\n<li>Prof. PhD Kamil Tugen, \u201c<em>Dokuz Eylul\u201d University, Izmir, Turkey<\/em><\/li>\n\n\n\n<li>PhD Mile Vasic, <em>EUMMAS, Banja Luka, Republic of Srpska, Bosnia and Herzegovina<\/em><\/li>\n\n\n\n<li>Prof. PhD Cristinel Vasiliu, <em>Bucharest University of Economic Studies, Romania<\/em><\/li>\n\n\n\n<li>Prof. PhD Lidia Weis, <em>Ljubljana Business School, Slovenia<\/em><\/li>\n<\/ul>\n\n\n\n<p class=\"has-vivid-cyan-blue-color has-text-color has-medium-font-size\"><strong>ORGANIZATION COMMITTEE<\/strong><\/p>\n\n\n\n<ul class=\"wp-block-list\">\n<li>Prof. PhD Maria Cristina \u0218tefan<\/li>\n\n\n\n<li>Assoc. Prof. PhD Luiza Ionescu<\/li>\n\n\n\n<li>Prof. PhD Florin Radu<\/li>\n\n\n\n<li>Prof. PhD Valentin Radu<\/li>\n\n\n\n<li>Prof. PhD Gabriel Croitoru<\/li>\n\n\n\n<li>Prof. PhD Valentina Ofelia Robescu<\/li>\n\n\n\n<li>Prof. PhD Marius Dan Coman<\/li>\n\n\n\n<li>Prof. PhD Gabriel Cucui<\/li>\n\n\n\n<li>Lecturer PhD Cristina Maria Voinea<\/li>\n\n\n\n<li>Assoc. Prof. PhD Laura Marcu<\/li>\n\n\n\n<li>Lecturer PhD Loredana Cristina T\u0103nase<\/li>\n\n\n\n<li>Lect. PhD Andreea-Violeta Andreiana<\/li>\n\n\n\n<li>Asst. Prof. PhD Alina Iuliana T\u0103b\u00eerc\u0103<\/li>\n\n\n\n<li>Laborant Emanuel Itigan<\/li>\n<\/ul>\n","protected":false},"excerpt":{"rendered":"<p>SCIENTIFIC COMMITTE ORGANIZATION COMMITTEE<\/p>\n","protected":false},"author":3,"featured_media":0,"parent":0,"menu_order":0,"comment_status":"closed","ping_status":"closed","template":"","meta":{"footnotes":""},"class_list":["post-66","page","type-page","status-publish","hentry"],"_links":{"self":[{"href":"https:\/\/giks.valahia.ro\/index.php\/wp-json\/wp\/v2\/pages\/66","targetHints":{"allow":["GET"]}}],"collection":[{"href":"https:\/\/giks.valahia.ro\/index.php\/wp-json\/wp\/v2\/pages"}],"about":[{"href":"https:\/\/giks.valahia.ro\/index.php\/wp-json\/wp\/v2\/types\/page"}],"author":[{"embeddable":true,"href":"https:\/\/giks.valahia.ro\/index.php\/wp-json\/wp\/v2\/users\/3"}],"replies":[{"embeddable":true,"href":"https:\/\/giks.valahia.ro\/index.php\/wp-json\/wp\/v2\/comments?post=66"}],"version-history":[{"count":13,"href":"https:\/\/giks.valahia.ro\/index.php\/wp-json\/wp\/v2\/pages\/66\/revisions"}],"predecessor-version":[{"id":400,"href":"https:\/\/giks.valahia.ro\/index.php\/wp-json\/wp\/v2\/pages\/66\/revisions\/400"}],"wp:attachment":[{"href":"https:\/\/giks.valahia.ro\/index.php\/wp-json\/wp\/v2\/media?parent=66"}],"curies":[{"name":"wp","href":"https:\/\/api.w.org\/{rel}","templated":true}]}}